100110001
ad36b (base 15) to base 13
1639a0
What is 1413 (base 16) in base 10?
5139
What is 100111100101 (base 2) in base 9?
3424
Convert b0c8 (base 14) to base 12.
156a0
Convert -26419 (base 12) to base 3.
-2122221010
What is 26b593 (base 13) in base 7?
10660566
Convert -111020102222 (base 3) to base 11.
-168858
What is -11114210 (base 5) in base 11?
-67741
-50a619 (base 11) to base 15
-112b5b
Convert 21202021211 (base 3) to base 7.
1203550
Convert -138426 (base 9) to base 5.
-10204122
Convert 332011213 (base 4) to base 9.
426757
What is -1396bc (base 14) in base 9?
-1244506
Convert -34a63 (base 12) to base 16.
-113eb
What is -18648 (base 15) in base 5?
-10012133
Convert 111001111101110011 (base 2) to base 11.
152423
What is -2cdca0 (base 16) in base 13?
-7bc2aa
What is -29bb82 (base 13) in base 5?
-230311032
What is 220212121111011 (base 3) in base 4?
302123113300
What is -1110101100101110001 (base 2) in base 5?
-110403044
10972 (base 14) to base 5
2242110
13e0cb (base 16) to base 15
1aaedb
207780 (base 9) to base 6
2353200
3484654 (base 9) to base 8
7144372
Convert 14433033 (base 8) to base 7.
36653510
7a93 (base 13) to base 10
17189
Convert -1330014131 (base 5) to base 13.
-9087b2
What is 3588397 (base 11) in base 16?
5f56f7
Convert 509665 (base 10) to base 3.
221220010111
-6075221 (base 10) to base 12
-204b905
What is 9d536e (base 15) in base 16?
72988a
What is -4241121 (base 5) in base 16?
-116f3
What is -80676 (base 10) in base 4?
-103230210
Convert -200aa1 (base 11) to base 13.
-b4299
What is -3c5656 (base 14) in base 9?
-3834145
Convert 111111100101111111 (base 2) to base 16.
3f97f
What is -3600633 (base 11) in base 7?
-104252100
Convert -1abb31 (base 16) to base 8.
-6535461
Convert -119539 (base 12) to base 16.
-45cbd
-56b44 (base 13) to base 15
-31bbc
What is 11203123102 (base 4) in base 14?
29c798
What is -736447 (base 9) in base 6?
-13214411
103255145 (base 7) to base 8
27411254
What is -3312012311 (base 4) in base 7?
-11365634
What is -111100100011001001 (base 2) in base 14?
-6654d
-190a76 (base 12) to base 7
-3500004
What is -1010110000010001011 (base 2) in base 8?
-1260213
-446766 (base 9) to base 2
-1000001010010110001
-384316 (base 10) to base 16
-5dd3c
Convert 9e498e (base 15) to base 4.
130311122000
2839853 (base 10) to base 14
53cd09
1212110101 (base 3) to base 9
55411
121122012012101 (base 3) to base 11
4a99799
Convert 1241432112 (base 5) to base 15.
40bb3c
Convert -11001101111111001001 (base 2) to base 6.
-30030041
165151 (base 10) to base 15
33e01
-1001130133222 (base 4) to base 2
-1000001011100011111101010
-11110003231 (base 4) to base 9
-2552601
What is 12541233 (base 6) in base 12?
181819
Convert 116417 (base 10) to base 16.
1c6c1
Convert b175 (base 14) to base 9.
45730
-4bc229 (base 13) to base 10
-1826080
22120211000 (base 3) to base 15
35113
What is -6efa1 (base 16) in base 6?
-13424241
-121001300 (base 4) to base 14
-29504
Convert 162392 (base 11) to base 3.
110210201012
What is 3a042c (base 15) in base 14?
5270b3
What is -551152145 (base 6) in base 5?
-10010443134
What is 6120030 (base 7) in base 12?
2b1030
Convert -12211002001222 (base 3) to base 13.
-843344
10001110111000 (base 2) to base 9
13480
What is -101111101001000111000 (base 2) in base 10?
-1561144
What is 314201 (base 9) in base 11?
118377
438652 (base 13) to base 11
996251
Convert -4120113 (base 6) to base 10.
-197037
-415040 (base 10) to base 15
-82e95
What is -44499 (base 11) in base 13?
-23470
-7710234 (base 9) to base 13
-b1c619
What is 1715621 (base 8) in base 12?
200641
Convert 3333104 (base 5) to base 9.
88252
Convert -99eb11 (base 16) to base 15.
-d43be0
Convert -550454434 (base 6) to base 9.
-20451864
Convert -2165a (base 12) to base 11.
-30182
153a0 (base 13) to base 7
225103
-23ba6 (base 15) to base 7
-653244
Convert -110747 (base 9) to base 3.
-10100211121
-3131431 (base 5) to base 7
-304641
-18c69a (base 13) to base 14
-124862
What is -359b964 (base 12) in base 7?
-154322164
Convert -120700 (base 8) to base 4.
-22013000
-10111011000101011000 (base 2) to base 10
-766296
-131031021311 (base 4) to base 6
-432032405
Convert 21101110120 (base 3) to base 16.
23802
Convert 2542329 (base 11) to base 5.
2112104442
Convert a5122 (base 12) to base 9.
358468
10000453 (base 6) to base 3
112020020120
What is -125240204 (base 7) in base 2?
-11110101011101110111100
2804086 (base 9) to base 4
11313203130
Convert -242525535 (base 6) to base 15.
-612648
Convert -8b45d1 (base 16) to base 7.
-140403300
What is 110686 (base 9) in base 5?
4104144
What is 446a728 (base 11) in base 6?
435513253
What is 550216 (base 7) in base 16?
17797
Convert -47130235 (base 8) to base 5.
-10112100304
Convert -222012000102 (base 3) to base 12.
-20a332
Convert 1000000010111110100110 (base 2) to base 9.
3864432
Convert -478758 (base 9) to base 6.
-10103555
What is -42324212 (base 5) in base 6?
-11335112
Convert 67835 (base 11) to base 15.
1e149
Convert 138753 (base 12) to base 5.
40412220
Convert 1ad968 (base 15) to base 9.
2418178
Convert -2472 (base 11) to base 7.
-12255
What is 20210212122 (base 3) in base 10?
134045
Convert 2120011021 (base 3) to base 9.
76137
Convert -143424033 (base 5) to base 4.
-2322211230
What is -10010011001000000101 (base 2) in base 15?
-bd854
What is e582 (base 15) in base 16?
bd71
-10000000100011101 (base 2) to base 12
-32111
Convert -10a3903 (base 14) to base 5.
-4012024240
1443113402 (base 5) to base 6
215051215
What is 270544 (base 8) in base 5?
11011224
Convert 35067 (base 14) to base 5.
13112214
What is -a05658 (base 11) in base 16?
-18b022
What is -23323212301 (base 4) in base 9?
-5786384
-167517 (base 9) to base 14
-29c43
What is 9c3a (base 14) in base 3?
1101011201
583184 (base 10) to base 6
20255532
2243031 (base 6) to base 10
114715
Convert 2122211212222 (base 3) to base 2.
101011001010000100010
Convert -11001011001111100111000 (base 2) to base 10.
-6659896
Convert 1c0db7 (base 14) to base 10.
1001525
Convert -40aa (base 11) to base 2.
-1010101000100
Convert 22441543 (base 6) to base 8.
2503347
-1057746 (base 8) to base 14
-766a2
Convert -1100100100111100011100 (base 2) to base 7.
-40011253
Convert -10022222201120 (base 3) to base 11.
-aaa865
18057 (base 12) to base 10
34627
Convert 1112232112 (base 4) to base 10.
355222
101211120201 (base 3) to base 9
354521
What is -2021101212222 (base 3) in base 6?
-41523212
Convert 31042243 (base 6) to base 9.
1608750
13678801 (base 9) to base 4
121320033322
What is -4757727 (base 8) in base 2?
-100111101111111010111
-1938e (base 15) to base 5
-10104214
What is 24126125 (base 7) in base 2?
1000001010110011101001
34506553 (base 7) to base 5
1233340401
What is 30eb (base 16) in base 8?
30353
What is 8cd747 (base 15) in base 3?
110122211002211
Convert -323c45 (base 14) to base 8.
-6372125
Convert 1001100111111101010100 (base 2) to base 10.
2522964
10010000110011110010110 (base 2) to base 13
ca1a76
What is 3000212202 (base 4) in base 10?
788898
Convert -1536521 (base 8) to base 5.
-103113211
-132312312 (base 5) to base 12
-281906
What is 100241300 (base 7) in base 14?
ab2b37
Convert 1230013231 (base 4) to base 7.
3523066
What is 1388061 (base 14) in base 5?
4411103443
-101212221001 (base 3) to base 13
-766b7
-4b5082 (base 12) to base 11
-771818
2a723 (base 15) to base 4
201112200
Convert -21102234 (base 5) to base 14.
-47c6b
What is -10243042 (base 5) in base 6?
-1512012
Convert 215345104 (base 6) to base 7.
45111220
Convert 571c1 (base 14) to base 2.
110011101011000101
-118264b (base 12) to base 6
-200552135
What is -af5d (base 16) in base 11?
-30802
What is -1741b51 (base 14) in base 5?
-10412443224
What is -6ddbb (base 14) in base 5?
-32101011
Convert -232425443 (base 6) to base 7.
-51532014
What is -46252053 (base 7) in base 5?
-2013441114
Convert 63137 (base 8) to base 6.
321155
70582 (base 10) to base 15
15da7
What is -15c56ad (base 15) in base 4?
-330110230030
What is -171383 (base 13) in base 7?
-4610363
2101001021212 (base 3) to base 6
43004205
-400c45 (base 15) to base 7
-34561514
What is 525666 (base 7) in base 2?
10110001100001110
What is 53ca1 (base 14) in base 3?
101022012022
What is -3314243330 (base 5) in base 4?
-123121030202
Convert 3453032 (base 9) to base 10.
1865540
Convert -124028